*2 + 8*w - 5. Is m(l) a composite number?
True
Let w(j) = 0 + 6 - 3 + 45*j. Let b be w(3). Suppose -4*h + b = 5*g - 41, 5*h = -2*g + 228. Is h a composite number?
True
Suppose 22*a - 26*a + 10532 = 0. Is a a composite number?
False
Let i(x) = 442*x**2 + x + 1. Is i(-4) a prime number?
True
Let q be 0/(-2 + 1 + -1). Suppose q = 4*u + 16, 2*u + 63 = 3*b - u. Let j(w) = w**3 - 18*w**2 + 18*w + 18. Is j(b) a prime number?
False
Let a = -2218 - -3968. Suppose 0 = 5*u + 4*h - 4309, -2*u + 8*h + a = 3*h. Is u a prime number?
False
Let c(i) = -5*i**3 - 19*i**2 - 17*i - 2. Is c(-13) a prime number?
True
Let m = 36 - 21. Suppose -12*t = -m*t + 2721. Is t composite?
False
Let d(n) = n**3 - n**2 - 18. Let l be d(0). Let c be l*(-3)/9*8. Let m = c + 17. Is m composite?
True
Let a be (-32)/(-10)*35/(-2). Is -4 + a/(-1) + 3 composite?
True
Suppose 60 = 5*s + 5*w, s + 5*w - 13 - 7 = 0. Let a(n) = -n**3 + 11*n**2 - 6*n - 1. Is a(s) a composite number?
True
Suppose 0*k = 3*k - 2*k. Suppose -4*y + 2720 - 108 = k. Is y composite?
False
Let m(p) = 61*p**2 - 12*p + 79. Is m(6) a prime number?
True
Let o = -4617 - -2721. Let s = -1177 - o. Is s a composite number?
False
Suppose -4*t - 5*h + 11307 = 0, 13*h - 12*h = 5*t - 14170. Is t a composite number?
False
Suppose -5*k + 100447 = 3*u, 2*k + 22*u - 40154 = 27*u. Is k composite?
True
Let g be -202*(2 - 6/(-3)). Let y = g + 1150. Is (0 - 1)/((-6)/y) composite?
True
Suppose 12*o - 42315 = 9*o. Suppose 2*t - o = -583. Is t a composite number?
False
Let y(u) = 49*u**2 - 7*u - 43. Is y(-3) prime?
True
Let a = 4 - 0. Suppose a*t + 3 = 23. Suppose 5*c - 2610 = -4*m + 565, -t*c + 3150 = -m. Is c a prime number?
True
Let u = -1071 + 2071. Suppose -2*c = -678 - u. Is c prime?
True
Suppose 6829 = 5*l - 4*q, 0 = 12*l - 8*l + 3*q - 5488. Is l a prime number?
False
Let q(l) = -l**3 - 8*l**2 - 9*l + 6. Let u be q(-6). Is u/3*(-22652)/16 a composite number?
True
Let i(h) = 3*h**3 + 29*h**2 - 16*h + 33. Is i(16) composite?
False
Suppose -1283 = -15*a + 9952. Is a a prime number?
False
Suppose 5*w = -w + 4*w. Is ((-2 - -3) + w)/(1/319) composite?
True
Suppose -4*n - 7 = 13, -5*n = 2*b - 767. Suppose 3*t - 1597 = -2*p, 0 = -t - 4*p + 133 + b. Is t prime?
False
Let j(g) = 1178*g + 23. Is j(6) prime?
False
Suppose -9*n + 536855 = 119156. Is n composite?
False
Suppose 4*b - 2*u - 156 = b, -u = -3*b + 153. Suppose 2*p - b = 28. Is p composite?
True
Let a = 81 + -89. Is (-10700)/a - (-1)/(-2) composite?
True
Suppose 5*g = 2*g + 747. Let d(p) = -p**3 - 11*p**2 + 13*p - 4. Let n be d(-12). Let c = g - n. Is c prime?
False
Suppose 18 = 3*x + 63. Let r = x + 27. Is (-2 + -2)*(-633)/r a prime number?
True
Let k be (3/3)/((-2)/(-10)). Suppose 878 = k*f - 1107. Is f a composite number?
False
Let t = 0 + 3. Suppose 0 = 4*v - 2*c - 6, -8 = -t*v - 2*c. Suppose -v*u = a - 30, -4*a - 45 = -0*u - 3*u. Is u composite?
True
Let r(z) = 19*z. Let u be 14/18 + (-10)/(-45). Is r(u) a prime number?
True
Suppose 0 = -4*t + 3*a - 5*a + 44004, 5*a - 43998 = -4*t. Is t composite?
True
Let b(t) = 17*t**3 - 6*t**2 + 8*t - 2. Let a be b(3). Suppose -5*w = a - 1522. Is w prime?
False
Let p(q) = -3054*q + 89. Is p(-6) prime?
True
Let t = -23535 + 34124. Is t a composite number?
False
Let d be 1 - (3 + 1 - -223). Let m = -113 - d. Is m prime?
True
Is (626/3)/((286/(-1551))/(-13)) composite?
True
Is 4/(-16) + (-10164)/(-16) composite?
True
Is ((-535716)/(-27))/23 + (-2)/3 a composite number?
True
Let z be (0 + -3)/(1 + -2). Suppose 3*h - 187 = -8*l + 4*l, z*l - 156 = 3*h. Suppose 5*x - l = 106. Is x composite?
False
Suppose -3*g = -5*o + 550 - 6268, 3*g - 5694 = -3*o. Is g a composite number?
False
Is ((-181384)/(-84))/(1 + (-2)/6) composite?
True
Let h = -7800 + 11255. Suppose 12*c = 17*c - h. Is c a prime number?
True
Suppose z - 2*z - 4 = 0, 12 = 4*c + z. Suppose 0 = -4*v + 5*k + 2136 + 207, -3*v = -c*k - 1757. Is v a composite number?
False
Let h be (-4)/14 + 46/14. Suppose h*u - 1539 - 330 = 0. Is u prime?
False
Let u be (-14)/(-6)*(-30)/10. Let l be u*4*1/4. Let h(c) = -10*c - 1. Is h(l) prime?
False
Let b = -6941 - -12352. Is b composite?
True
Let l = 5204 + 9405. Is l a prime number?
False
Suppose 2*s = -6*f + 2*f + 160, 5*f = 4*s + 213. Is 11/((5 - 4)/f) composite?
True
Let s(z) = z**2 + z + 128. Let c be s(0). Suppose 0 = -l - 2*l + 621. Let p = l - c. Is p a prime number?
True
Let y(o) = -4*o**3 - 23*o - 14. Is y(-11) a composite number?
False
Let q(w) = -28*w**3 + 2*w**2 + 3*w + 2. Let r be q(-1). Let v = 2 + r. Is v composite?
False
Let i(u) = u**2 - 9*u + 4. Let y be i(9). Suppose 0 = s + 2*s - m + 13, y*s + 28 = -4*m. Let n = 438 - s. Is n a composite number?
False
Let j(u) = -u**2 - 14*u - 12. Let a be j(-12). Let i be (-1)/((-1)/a*2). Is (i/(-4))/((-2)/268) a prime number?
False
Suppose 8*n - 49847 = -9327. Is n prime?
False
Suppose -6*t + 3*t - d - 723 = 0, 4*d = 4*t + 980. Suppose 5*l + 154 = -2*q - 565, -3*q + 444 = -3*l. Let v = l - t. Is v a prime number?
True
Suppose -15*x = 48*x - 28098. Is x prime?
False
Suppose 0 = -d + 4*q + 11335, -4*d + 45412 = -11*q + 13*q. Is d prime?
True
Suppose 4*m - 246287 = -i, 10*m + 123136 = 12*m - 2*i. Is m a composite number?
True
Let z be (51*92)/2 + (-3 - -1). Let b = -813 + z. Is b composite?
False
Let o be (7/5)/(4/60). Is (o - 59)*(-46)/4 a composite number?
True
Suppose -2*z + 5*t = t - 8, -t + 4 = z. Suppose 0*m + 4*j - z = -2*m, 5*m = 5*j + 10. Suppose -265 = -m*i - 3*i - 2*w, -106 = -2*i + 3*w. Is i prime?
True
Is 14765/5*-3*2/(-6) prime?
True
Let x(w) = -276*w**3 - 2*w**2 + 2*w + 5. Is x(-2) composite?
True
Suppose 11250 = 16*y - 11*y. Suppose -4*a - y = -6694. Is a a composite number?
True
Let i(z) = -1 - z + 62*z**3 + 2*z**2 - 4*z**2 - z**2 + 2*z. Is i(2) prime?
False
Suppose 0 = -5*y + 774 + 151. Suppose 4*d + 5*a = -3007, 20 = -3*a + 7*a. Let h = y - d. Is h a composite number?
True
Suppose 0 = 3*g - 4*g + 6695. Suppose 166*h - g = 161*h. Is h composite?
True
Let t = 763 + -535. Let q = t - -257. Is q composite?
True
Suppose -4*z + 265 = 49. Suppose -3*x = -l + z + 120, -5*x = 25. Is l composite?
True
Let j(l) = -185*l**3 + l**2 + 5*l + 10. Is j(-4) prime?
False
Let w(i) be the third derivative of 0 - 1/6*i**3 + 3*i**2 + 13/60*i**5 + 0*i + 1/24*i**4. Is w(4) composite?
False
Let q(h) = h**2 - 9*h + 18. Let y be q(6). Suppose 192 = 2*g - 2*d, y*g = -3*g + 4*d + 289. Is g composite?
True
Suppose 14682 = -5*i - 2493. Is ((-2)/2*1)/(5/i) composite?
True
Let s(g) be the third derivative of 14*g**5/5 + g**4/24 + g**3/2 + 3*g**2. Is s(2) a prime number?
True
Let w be 3/((1 + -4)/(-3)). Let m be (-1 + w)/(14/(-49)). Is 3/m - (-2324)/49 prime?
True
Let a be 37080/63 + 8/(-14). Let b = a - -451. Let t = b + -534. Is t composite?
True
Let g(t) = 26*t - 3. Let a(v) = -77*v + 8. Suppose 2*p - 5*p = -18. Let y(u) = p*a(u) + 17*g(u). Is y(-13) prime?
True
Let t(i) = 51*i**2 + i + 1. Let q be (-15)/(-12)*(-1 + 5). Suppose m - 4 = -q. Is t(m) a prime number?
False
Let o be (2/(-4))/(10/1900). Let l = 2 - o. Is l composite?
False
Suppose 22 = 5*t + 2. Suppose 2*o = -2*x - x + 3, -4*o + 8 = t*x. Is 33 - (3 - (4 - x)) prime?
False
Suppose 3*j = -3*b + 9, 2*b = 5*b + 3. Let v(w) = 14*w**2 - 2*w**2 - 5 + 3*w**2. Is v(j) composite?
True
Suppose 4*v - 5*k - 20421 = 0, -3*v + 502 = 4*k - 14775. Is v a prime number?
True
Suppose -83363 = -6*i + p, -4*p + 55580 = 13*i - 9*i. Is i a composite number?
True
Let u(y) = -1363*y - 2. Is u(-1) composite?
False
Let o = -119 + 39. Let v = o + 131. Let q = v - -8. Is q a prime number?
True
Let g(n) = -2*n - 2*n + 2*n**2 - 4*n**2 - 5*n**2. Let w(u) = -6*u**2 - 3*u - 1. Let c(s) = 3*g(s) - 4*w(s). Is c(-5) composite?
False
Let u(y) be the first derivative of 13*y**4/4 - y**3/3 + y**2/2 - 4. Let w be u(-2). Let q = -43 - w. Is q composite?
False
Suppose 3*n - 4 = 5*w - 20, 3*n = -4*w + 29. Suppose -4*u + w*c = c - 1632, 5*u + 4*c = 2085. Is u prime?
False
Suppose 0*u - 5 = -u. Let h(x) = 35*x - 3. Let c(a) = -35*a + 2. Let q(v) = 3*c(v) + 4*h(v). Is q(u) composite?
True
Suppose -3*y - 2*y = 455. Let k = -232 - y. Is k*(-1 - 6/(-9)) a composite number?
False
Let p(a) = 353*a**3 - a**2 + 3*a - 2. Let k be p(3). Suppose -17897 = -6*c + k. Is c a composite number?
True
Suppose -2*r + 4*r 